n 138 is divided by i(-2).
8
Let z(b) = b**3 + 6*b**2 - 54*b + 2. Suppose -5*r + 28 = -r. Calculate the remainder when z(5) is divided by r.
0
Suppose b - 38*z - 811 = -33*z, 5*z + 1647 = 2*b. What is the remainder when b is divided by 9?
8
Let f = 2 + 19. Calculate the remainder when (1/((-1)/2))/((-13)/403) is divided by f.
20
Suppose -4*s - 28 = 6*o - 2*o, 0 = -2*o + s - 5. Calculate the remainder when 49 is divided by -13*(4/o)/1.
10
Suppose -3*m - 70 = -2*m - 5*j, -5*m + 2*j = 419. Let x = -23 - m. Calculate the remainder when x is divided by 22.
18
Let z(k) = -2*k**3 - 9*k**2 - 6*k - 7. Let o be z(-6). Suppose -171 = 4*f + o. Let w = -15 - f. What is the remainder when w is divided by 21?
20
Suppose -l = -x + 210 - 203, 2*x - l - 16 = 0. Calculate the remainder when 187 is divided by x.
7
Suppose -k = -6*k + 115. Suppose 0 = 3*y - 7*y - 36. Let j = y + k. What is the remainder when 26 is divided by j?
12
Let c(m) = -3*m**2 + 4 - 2*m**2 + 2*m**2 + m**3. Let j be c(4). Suppose j = -5*x + 80. Calculate the remainder when 58 is divided by x.
10
Let c(d) = d**3 - 4*d**2 + 5*d - 4. Let s = -140 - -145. Suppose 0 = -5*w + 2*h + 62 + 66, s*h = -20. Calculate the remainder when c(5) is divided by w.
22
What is the remainder when 118 is divided by (-898)/(-22) + (-21)/((-1155)/10)?
36
Let t be (-1131)/(-6) + 5/10. Suppose 13*u = t - 20. What is the remainder when 76 is divided by u?
11
Suppose -7*c + 3*c - v + 427 = 0, 3*v + 431 = 4*c. Calculate the remainder when c is divided by 64/6 + (-1)/(-3).
8
Suppose 34*h - 2792 = 29*h + 3*k, -4*k = 5*h - 2799. What is the remainder when h is divided by 14?
13
Let a = 1768 - 1709. Calculate the remainder when a is divided by (2 - 7)*4/(-5).
3
Let f be ((-17)/(-3))/(7/(-21)). Let o = 21 + f. Suppose 28 = 4*d - 2*v, o*d - 3*v - 2*v - 16 = 0. What is the remainder when 17 is divided by d?
8
Suppose 2 = -2*y, 6*c = c - y + 34. Suppose 6*u + 62 = c*u. What is the remainder when u is divided by 35?
27
Suppose 0 = 27*c - 23*c - 20. Suppose c*y - 4 = 3*y. Calculate the remainder when 11 is divided by y.
1
Suppose 1 = -3*d - 8. Let x be (-2 - 2)/(d + 4). What is the remainder when ((-13)/(-2))/(x/(-8)) is divided by 7?
6
Let s be (-2)/5 + (-64)/(-10). Suppose 115 = -c + s*c. Suppose c = 5*h - 77. Calculate the remainder when 37 is divided by h.
17
Suppose -265*j = -310*j + 1800. What is the remainder when 385 is divided by j?
25
Let t = 122 + -69. Let a(u) = -51*u - 1. Calculate the remainder when a(-2) is divided by t.
48
Suppose 488 - 146 = -3*y. Let a = 308 + y. What is the remainder when a is divided by 28?
26
Suppose 1 + 35 = 9*y. Suppose 2*a = -y*a + 66. Calculate the remainder when 19 is divided by a.
8
Suppose -136 + 3464 = 8*b. What is the remainder when b is divided by 19?
17
Suppose -23*x = 45 - 413. Calculate the remainder when 253 is divided by x.
13
Let i(l) = -l**3 - 14*l**2 - 23*l + 59. What is the remainder when 1784 is divided by i(-12)?
45
Let y = -181 - -221. Calculate the remainder when ((-5)/15)/(2/(-444)) is divided by y.
34
Suppose 5*v + 1539 = -f, -3*f + 1234 = -4*v - f. What is the remainder when 26 is divided by (v/(-8))/7*2?
4
Suppose w - 30 = 5*l, 2*w = 5*w - 3*l - 42. Suppose 0 = -5*d + q + 248, -75 - 8 = -2*d - 5*q. What is the remainder when d is divided by w?
9
Let q(c) = -c**2 + 10*c - 9. Let s be q(4). Suppose 0 = -s*h + 10*h + 50. What is the remainder when 17 is divided by h?
7
Calculate the remainder when 97 is divided by 141873/4323 + 1 + (-18)/22.
31
What is the remainder when 109 is divided by 24 + 2 + (-11 - -19)?
7
Let n(w) = 0*w + 23*w**2 + 4 + 13*w - 24*w**2. What is the remainder when n(12) is divided by 4?
0
Suppose -3*c - 43 = -4*a, 4*c - 36 = a - 5*a. Calculate the remainder when 74 is divided by (-4)/a - 889/(-35).
24
Let m(y) be the first derivative of y**4 - y**3 + y**2 + y + 53. Calculate the remainder when m(3) is divided by 45.
43
Let k = -11 + 47. Let b = -8 - -13. Suppose b*l + 38 - 103 = 0. What is the remainder when k is divided by l?
10
Let y(h) = -h + 1. Let j be y(2). Suppose d = -1, -5*c = 5*d - 296 + 126. What is the remainder when c is divided by j/4 - (-49)/4?
11
Let b(m) = -m**3 - 9*m**2 + 6*m - 24. Let i = 211 - 164. Calculate the remainder when i is divided by b(-10).
15
Let v = 1258 + -1247. Calculate the remainder when v is divided by (-141)/(-27) - 4/18.
1
Let s be (1 - 4/10)/((-5)/(-25)). Calculate the remainder when 33 is divided by 1/(-2)*-2 - (-33)/s.
9
Let h(p) = 20 + 255*p + 240*p - p**2 - 510*p. Calculate the remainder when h(-15) is divided by 14.
6
Suppose 0 = -2*a - l + 92, 5*a - 260 = 7*l - 2*l. Calculate the remainder when 186 is divided by a.
42
Suppose 8*r - 3*r + 78 = l, -3*l - 2*r = -200. Suppose -3*k - 826 = -62*k. What is the remainder when l is divided by k?
12
Let l = 284 + -188. Let i(x) = -4*x + 6. Calculate the remainder when l is divided by i(-11).
46
Let k(j) = -134*j - 3. Let f be k(8). What is the remainder when (-3)/(-2)*(f/(-15) - 3) is divided by 21?
19
Let w(a) = -33*a + 88. Calculate the remainder when 37 is divided by w(2).
15
Let p = 431 + -353. Calculate the remainder when p is divided by 40.
38
Suppose -6*u = -2*u - 92. What is the remainder when 108 is divided by u?
16
Let i(k) = -k**3 - 33*k**2 - 92*k - 18. Calculate the remainder when 140 is divided by i(-30).
14
Let f = 420 + -289. Let p = 8 + f. Suppose -3*b + 82 = -l, -8*l - p = -5*b - 4*l. Calculate the remainder when b is divided by 7.
6
Let s = -1196 - -1198. What is the remainder when 11 is divided by s?
1
Suppose 2*u - 390 + 64 = 0. What is the remainder when u is divided by 38?
11
Suppose -6*a - 5*m - 59 = -10*a, 24 = 3*a + 3*m. Suppose -2*l + 0*l = -8. What is the remainder when a is divided by l?
3
Suppose -2*c - j + 248 = 3*j, 3*j + 581 = 5*c. Suppose 3429 = r + 3419. Calculate the remainder when c is divided by r.
8
Suppose q - 18 = 8. Calculate the remainder when 57 is divided by q.
5
Suppose -21*o = -821 - 4450. What is the remainder when o is divided by 64?
59
Suppose 496*s + 47 = 497*s. What is the remainder when 298 is divided by s?
16
Suppose 0*a - 5*a + 124 = 2*o, -5*o + 293 = 4*a. Suppose 4*z = 170 - 50. Let i = o - z. Calculate the remainder when i is divided by 14.
13
Let j(b) = 14*b**3 - 7*b**2 - 3*b - 3. Let s(m) = -7*m**3 + 4*m**2 + 2*m + 2. Let k(x) = -3*j(x) - 5*s(x). Calculate the remainder when 46 is divided by k(-1).
6
Let v = 24 - 6. Suppose 2*h - v = h. Suppose 3*s - 324 + 117 = 0. What is the remainder when s is divided by h?
15
Let j = 133 + -95. Suppose 0 = 3*p + 12, 5*p - 2*p + 32 = 2*h. What is the remainder when j is divided by h?
8
Let x(o) be the third derivative of -o**5/60 + 19*o**4/24 + o**3/3 + 3*o**2 + 6*o. Calculate the remainder when 104 is divided by x(17).
32
Suppose 795 = v - 6*v. Let r = -106 - v. Calculate the remainder when r is divided by 19.
15
Let z = 80 - 22. Let b = z - 46. What is the remainder when 46 is divided by b?
10
Suppose 3266 = 17*i + 971. What is the remainder when i is divided by 35?
30
Calculate the remainder when 151 is divided by 365/7 - 4/(56/2).
47
Suppose 32 = 5*m - 2*p, -17 = -3*m - 3*p + 2*p. What is the remainder when 95 is divided by (-36)/14*(-56)/m?
23
Let h(y) = y**2 + y + 2. Suppose 3*n - 8 = i, i + 4 = -0*i + n. Let g be h(i). What is the remainder when (6/g)/((-4)/(-104)) is divided by 14?
11
Suppose -241 + 1450 = 13*n. What is the remainder when 343 is divided by n?
64
Suppose 4*f - 3*f - 167 = 5*j, 835 = 5*f + 2*j. Calculate the remainder when f is divided by 29.
22
Let g = -503 + 655. Calculate the remainder when g is divided by 66.
20
Suppose 5*o - 83 = 4*k, -3*k + 34 = 2*o - 5*k. Suppose 0*u + u - 27 = 0. What is the remainder when u is divided by o?
12
Let b(q) = -5*q**2 + 5*q - 2*q + 5*q + 12 + 4*q**2. Let h be b(-6). What is the remainder when (h/(-32))/(2/48) is divided by 14?
12
Let y(i) = 4*i**2 + 16*i - 31. Calculate the remainder when y(-10) is divided by 30.
29
Suppose 144 = 37*x - 28*x. Calculate the remainder when 143 is divided by x.
15
Let j = 9 + -3. Let y be (-4)/j*(-54)/(-18). Let v = 29 + y. What is the remainder when v is divided by 6?
3
Suppose -d - 3*d + 68 = 0. Let z = d - 13. What is the remainder when 11 is divided by z?
3
Let h = 214 + -1